{"id":9,"date":"2025-11-08T18:46:47","date_gmt":"2025-11-08T18:46:47","guid":{"rendered":"https:\/\/bitacora.cursarhoy.com\/?page_id=9"},"modified":"2026-01-17T14:45:44","modified_gmt":"2026-01-17T14:45:44","slug":"web-bitacora","status":"publish","type":"page","link":"https:\/\/bitacora.cursarhoy.com\/","title":{"rendered":"web bitacora"},"content":{"rendered":"<p>[et_pb_section fb_built=\u00bb1&#8243; _builder_version=\u00bb4.14.7&#8243; _module_preset=\u00bbdefault\u00bb background_image=\u00bbhttps:\/\/bitacora.cursarhoy.com\/wp-content\/uploads\/2025\/11\/b2.png\u00bb global_colors_info=\u00bb{}\u00bb][et_pb_row _builder_version=\u00bb4.14.7&#8243; _module_preset=\u00bbdefault\u00bb global_colors_info=\u00bb{}\u00bb][et_pb_column type=\u00bb4_4&#8243; _builder_version=\u00bb4.14.7&#8243; _module_preset=\u00bbdefault\u00bb global_colors_info=\u00bb{}\u00bb][et_pb_text _builder_version=\u00bb4.14.7&#8243; _module_preset=\u00bbdefault\u00bb text_letter_spacing=\u00bb3px\u00bb text_orientation=\u00bbcenter\u00bb custom_css_main_element=\u00bbbackground: rgba(255,255,255,0.45);||padding: 22px 28px;||border-radius: 14px;||\u00bb global_colors_info=\u00bb{}\u00bb]<\/p>\n<h1><em data-start=\"852\" data-end=\"884\">Planificador Diario de Enfoque<\/em><br data-start=\"884\" data-end=\"887\" \/><em data-start=\"889\" data-end=\"933\">para tomar una sola decisi\u00f3n clara por d\u00eda<\/em><\/h1>\n<p>[\/et_pb_text][et_pb_text _builder_version=\u00bb4.14.7&#8243; _module_preset=\u00bbdefault\u00bb text_text_color=\u00bb#000000&#8243; text_orientation=\u00bbcenter\u00bb custom_css_main_element=\u00bbbackground: rgba(255,255,255,0.45);||padding: 22px 28px;||border-radius: 14px;||||\u00bb global_colors_info=\u00bb{}\u00bb]<\/p>\n<h2 data-start=\"977\" data-end=\"1068\">Orden\u00e1 tu mente en 10 minutos y enfoc\u00e1 tu energ\u00eda en lo que s\u00ed importa hoy.<\/h2>\n<h5 data-start=\"1070\" data-end=\"1144\"><br data-start=\"1086\" data-end=\"1089\" \/>PDF imprimible o digital \u00b7 30 d\u00edas \u00b7 Descarga inmediata<\/h5>\n<p>[\/et_pb_text][\/et_pb_column][\/et_pb_row][et_pb_row _builder_version=\u00bb4.14.7&#8243; _module_preset=\u00bbdefault\u00bb global_colors_info=\u00bb{}\u00bb][et_pb_column type=\u00bb4_4&#8243; _builder_version=\u00bb4.14.7&#8243; _module_preset=\u00bbdefault\u00bb global_colors_info=\u00bb{}\u00bb][et_pb_button button_text=\u00bbEmpezar con el Planificador\u00bb button_alignment=\u00bbcenter\u00bb _builder_version=\u00bb4.14.7&#8243; _module_preset=\u00bbdefault\u00bb custom_button=\u00bbon\u00bb button_text_color=\u00bb#FFFFFF\u00bb button_bg_color=\u00bb#0C71C3&#8243; custom_padding=\u00bb||0px|||\u00bb hover_enabled=\u00bb0&#8243; global_colors_info=\u00bb{}\u00bb button_url=\u00bbhttps:\/\/bitacora.cursarhoy.com\/?product=planificador-diario-de-enfoque-30-dias\u00bb url_new_window=\u00bbon\u00bb sticky_enabled=\u00bb0&#8243;][\/et_pb_button][\/et_pb_column][\/et_pb_row][et_pb_row _builder_version=\u00bb4.14.7&#8243; _module_preset=\u00bbdefault\u00bb global_colors_info=\u00bb{}\u00bb][et_pb_column type=\u00bb4_4&#8243; _builder_version=\u00bb4.14.7&#8243; _module_preset=\u00bbdefault\u00bb global_colors_info=\u00bb{}\u00bb][et_pb_image src=\u00bbhttps:\/\/bitacora.cursarhoy.com\/wp-content\/uploads\/2025\/11\/25.png\u00bb title_text=\u00bb25&#8243; _builder_version=\u00bb4.14.7&#8243; _module_preset=\u00bbdefault\u00bb custom_css_main_element=\u00bbposition: fixed;||bottom: 20px;||right: 20px;||z-index: 9999;||max-width: 120px;||opacity: 0.95;||filter: drop-shadow(0 0 10px rgba(0, 0, 0, 0.3));||||||\u00bb global_colors_info=\u00bb{}\u00bb][\/et_pb_image][\/et_pb_column][\/et_pb_row][\/et_pb_section][et_pb_section fb_built=\u00bb1&#8243; _builder_version=\u00bb4.14.7&#8243; _module_preset=\u00bbdefault\u00bb global_colors_info=\u00bb{}\u00bb][et_pb_row _builder_version=\u00bb4.14.7&#8243; _module_preset=\u00bbdefault\u00bb global_colors_info=\u00bb{}\u00bb][et_pb_column type=\u00bb4_4&#8243; _builder_version=\u00bb4.14.7&#8243; _module_preset=\u00bbdefault\u00bb global_colors_info=\u00bb{}\u00bb][et_pb_text _builder_version=\u00bb4.14.7&#8243; _module_preset=\u00bbdefault\u00bb text_letter_spacing=\u00bb4px\u00bb text_orientation=\u00bbcenter\u00bb custom_margin=\u00bb-33px|||||\u00bb global_colors_info=\u00bb{}\u00bb]<\/p>\n<h1>Antes de empezar el d\u00eda, tu cabeza ya est\u00e1 llena\u2026<\/h1>\n<h1>y el d\u00eda todav\u00eda no empez\u00f3.<\/h1>\n<p>[\/et_pb_text][\/et_pb_column][\/et_pb_row][et_pb_row column_structure=\u00bb1_3,1_3,1_3&#8243; _builder_version=\u00bb4.14.7&#8243; _module_preset=\u00bbdefault\u00bb global_colors_info=\u00bb{}\u00bb][et_pb_column type=\u00bb1_3&#8243; _builder_version=\u00bb4.14.7&#8243; _module_preset=\u00bbdefault\u00bb global_colors_info=\u00bb{}\u00bb][et_pb_image src=\u00bbhttps:\/\/bitacora.cursarhoy.com\/wp-content\/uploads\/2025\/11\/33.png\u00bb title_text=\u00bb33&#8243; _builder_version=\u00bb4.14.7&#8243; _module_preset=\u00bbdefault\u00bb global_colors_info=\u00bb{}\u00bb][\/et_pb_image][et_pb_text _builder_version=\u00bb4.14.7&#8243; _module_preset=\u00bbdefault\u00bb global_colors_info=\u00bb{}\u00bb]<\/p>\n<h3>Tu cabeza nunca se apaga.<\/h3>\n<h4 style=\"text-align: justify;\">Ten\u00e9s ideas, pendientes, cosas por resolver. Incluso cuando est\u00e1s tranquila, tu mente sigue girando\u2026 como si no tuviera bot\u00f3n de pausa.<\/h4>\n<p>[\/et_pb_text][\/et_pb_column][et_pb_column type=\u00bb1_3&#8243; _builder_version=\u00bb4.14.7&#8243; _module_preset=\u00bbdefault\u00bb global_colors_info=\u00bb{}\u00bb][et_pb_image src=\u00bbhttps:\/\/bitacora.cursarhoy.com\/wp-content\/uploads\/2025\/11\/35.png\u00bb title_text=\u00bb35&#8243; _builder_version=\u00bb4.14.7&#8243; _module_preset=\u00bbdefault\u00bb global_colors_info=\u00bb{}\u00bb][\/et_pb_image][et_pb_text _builder_version=\u00bb4.14.7&#8243; _module_preset=\u00bbdefault\u00bb global_colors_info=\u00bb{}\u00bb]<\/p>\n<h3>No te falta tiempo, te falta foco.<\/h3>\n<h4>No es que no hagas nada. Es que hac\u00e9s demasiadas cosas\u2026 y ninguna termina de sentirse como <em data-start=\"1552\" data-end=\"1556\">la<\/em> importante.<\/h4>\n<p>[\/et_pb_text][\/et_pb_column][et_pb_column type=\u00bb1_3&#8243; _builder_version=\u00bb4.14.7&#8243; _module_preset=\u00bbdefault\u00bb global_colors_info=\u00bb{}\u00bb][et_pb_image src=\u00bbhttps:\/\/bitacora.cursarhoy.com\/wp-content\/uploads\/2025\/11\/37.png\u00bb title_text=\u00bb37&#8243; _builder_version=\u00bb4.14.7&#8243; _module_preset=\u00bbdefault\u00bb global_colors_info=\u00bb{}\u00bb][\/et_pb_image][et_pb_text _builder_version=\u00bb4.14.7&#8243; _module_preset=\u00bbdefault\u00bb global_colors_info=\u00bb{}\u00bb]<\/p>\n<h3>Termin\u00e1s el d\u00eda cansada, no satisfecha.<\/h3>\n<h4 data-start=\"1958\" data-end=\"2041\">Hiciste mucho\u2026 pero no sab\u00e9s si avanzaste en lo que realmente importa, o solo apagaste incendios.<\/h4>\n<p>[\/et_pb_text][\/et_pb_column][\/et_pb_row][\/et_pb_section][et_pb_section fb_built=\u00bb1&#8243; _builder_version=\u00bb4.14.7&#8243; _module_preset=\u00bbdefault\u00bb global_colors_info=\u00bb{}\u00bb][et_pb_row _builder_version=\u00bb4.14.7&#8243; _module_preset=\u00bbdefault\u00bb custom_padding=\u00bb6px|||||\u00bb global_colors_info=\u00bb{}\u00bb][et_pb_column type=\u00bb4_4&#8243; _builder_version=\u00bb4.14.7&#8243; _module_preset=\u00bbdefault\u00bb global_colors_info=\u00bb{}\u00bb][et_pb_text _builder_version=\u00bb4.14.7&#8243; _module_preset=\u00bbdefault\u00bb text_letter_spacing=\u00bb4px\u00bb text_orientation=\u00bbcenter\u00bb global_colors_info=\u00bb{}\u00bb]<\/p>\n<h1 style=\"text-align: center;\">C\u00f3mo funciona (en 10 minutos)<\/h1>\n<p>[\/et_pb_text][\/et_pb_column][\/et_pb_row][et_pb_row column_structure=\u00bb1_4,1_4,1_4,1_4&#8243; _builder_version=\u00bb4.14.7&#8243; _module_preset=\u00bbdefault\u00bb global_colors_info=\u00bb{}\u00bb][et_pb_column type=\u00bb1_4&#8243; _builder_version=\u00bb4.14.7&#8243; _module_preset=\u00bbdefault\u00bb global_colors_info=\u00bb{}\u00bb][et_pb_image src=\u00bbhttps:\/\/bitacora.cursarhoy.com\/wp-content\/uploads\/2026\/01\/a1.png\u00bb title_text=\u00bba1&#8243; _builder_version=\u00bb4.14.7&#8243; _module_preset=\u00bbdefault\u00bb global_colors_info=\u00bb{}\u00bb][\/et_pb_image][et_pb_text _builder_version=\u00bb4.14.7&#8243; _module_preset=\u00bbdefault\u00bb text_orientation=\u00bbjustified\u00bb global_colors_info=\u00bb{}\u00bb]<\/p>\n<h4>Paus\u00e1 el ruido<br data-start=\"402\" data-end=\"405\" \/>Antes de hacer, respir\u00e1s. Baj\u00e1s un cambio y volv\u00e9s a tu centro.<\/h4>\n<p>[\/et_pb_text][\/et_pb_column][et_pb_column type=\u00bb1_4&#8243; _builder_version=\u00bb4.14.7&#8243; _module_preset=\u00bbdefault\u00bb global_colors_info=\u00bb{}\u00bb][et_pb_image src=\u00bbhttps:\/\/bitacora.cursarhoy.com\/wp-content\/uploads\/2026\/01\/b1.png\u00bb title_text=\u00bbb1&#8243; _builder_version=\u00bb4.14.7&#8243; _module_preset=\u00bbdefault\u00bb global_colors_info=\u00bb{}\u00bb][\/et_pb_image][et_pb_text _builder_version=\u00bb4.14.7&#8243; _module_preset=\u00bbdefault\u00bb global_colors_info=\u00bb{}\u00bb]<\/p>\n<h4>Escrib\u00ed con intenci\u00f3n<br data-start=\"522\" data-end=\"525\" \/>Volc\u00e1s lo que ten\u00e9s en la cabeza y lo convert\u00eds en claridad.<\/h4>\n<p>[\/et_pb_text][\/et_pb_column][et_pb_column type=\u00bb1_4&#8243; _builder_version=\u00bb4.14.7&#8243; _module_preset=\u00bbdefault\u00bb global_colors_info=\u00bb{}\u00bb][et_pb_image src=\u00bbhttps:\/\/bitacora.cursarhoy.com\/wp-content\/uploads\/2026\/01\/c1.png\u00bb title_text=\u00bbc1&#8243; _builder_version=\u00bb4.14.7&#8243; _module_preset=\u00bbdefault\u00bb global_colors_info=\u00bb{}\u00bb][\/et_pb_image][et_pb_text _builder_version=\u00bb4.14.7&#8243; _module_preset=\u00bbdefault\u00bb text_orientation=\u00bbjustified\u00bb global_colors_info=\u00bb{}\u00bb]<\/p>\n<h4>Orden\u00e1 prioridades<br data-start=\"642\" data-end=\"645\" \/>Eleg\u00eds qu\u00e9 va primero y qu\u00e9 puede esperar, sin culpa.<\/h4>\n<p>[\/et_pb_text][\/et_pb_column][et_pb_column type=\u00bb1_4&#8243; _builder_version=\u00bb4.14.7&#8243; _module_preset=\u00bbdefault\u00bb global_colors_info=\u00bb{}\u00bb][et_pb_image src=\u00bbhttps:\/\/bitacora.cursarhoy.com\/wp-content\/uploads\/2026\/01\/d1.png\u00bb title_text=\u00bbd1&#8243; _builder_version=\u00bb4.14.7&#8243; _module_preset=\u00bbdefault\u00bb global_colors_info=\u00bb{}\u00bb][\/et_pb_image][et_pb_text _builder_version=\u00bb4.14.7&#8243; _module_preset=\u00bbdefault\u00bb global_colors_info=\u00bb{}\u00bb]<\/p>\n<h4>Tom\u00e1 una decisi\u00f3n clara<br data-start=\"760\" data-end=\"763\" \/>Te qued\u00e1s con una sola cosa importante para avanzar ese d\u00eda.<\/h4>\n<p>[\/et_pb_text][\/et_pb_column][\/et_pb_row][\/et_pb_section][et_pb_section fb_built=\u00bb1&#8243; _builder_version=\u00bb4.14.7&#8243; _module_preset=\u00bbdefault\u00bb custom_padding=\u00bb0px|||||\u00bb global_colors_info=\u00bb{}\u00bb][et_pb_row _builder_version=\u00bb4.14.7&#8243; _module_preset=\u00bbdefault\u00bb custom_padding=\u00bb0px|||||\u00bb global_colors_info=\u00bb{}\u00bb][et_pb_column type=\u00bb4_4&#8243; _builder_version=\u00bb4.14.7&#8243; _module_preset=\u00bbdefault\u00bb global_colors_info=\u00bb{}\u00bb][et_pb_text _builder_version=\u00bb4.14.7&#8243; _module_preset=\u00bbdefault\u00bb text_letter_spacing=\u00bb4px\u00bb text_orientation=\u00bbcenter\u00bb global_colors_info=\u00bb{}\u00bb]<\/p>\n<h1>Planificador Diario de Enfoque (30 d\u00edas)<\/h1>\n<p>[\/et_pb_text][\/et_pb_column][\/et_pb_row][et_pb_row column_structure=\u00bb1_2,1_2&#8243; _builder_version=\u00bb4.14.7&#8243; _module_preset=\u00bbdefault\u00bb global_colors_info=\u00bb{}\u00bb][et_pb_column type=\u00bb1_2&#8243; _builder_version=\u00bb4.14.7&#8243; _module_preset=\u00bbdefault\u00bb global_colors_info=\u00bb{}\u00bb][et_pb_image src=\u00bbhttps:\/\/bitacora.cursarhoy.com\/wp-content\/uploads\/2026\/01\/f1.jpg\u00bb title_text=\u00bbf1&#8243; _builder_version=\u00bb4.14.7&#8243; _module_preset=\u00bbdefault\u00bb global_colors_info=\u00bb{}\u00bb][\/et_pb_image][\/et_pb_column][et_pb_column type=\u00bb1_2&#8243; _builder_version=\u00bb4.14.7&#8243; _module_preset=\u00bbdefault\u00bb global_colors_info=\u00bb{}\u00bb][et_pb_text _builder_version=\u00bb4.14.7&#8243; _module_preset=\u00bbdefault\u00bb global_colors_info=\u00bb{}\u00bb]<\/p>\n<blockquote data-start=\"543\" data-end=\"721\">\n<p data-start=\"545\" data-end=\"721\"><strong data-start=\"545\" data-end=\"590\">Sent\u00eds que hac\u00e9s mucho pero avanz\u00e1s poco.<\/strong><br data-start=\"590\" data-end=\"593\" \/>Ten\u00e9s mil cosas en la cabeza, prioridades mezcladas, y al final del d\u00eda queda una sensaci\u00f3n rara: cansancio\u2026 pero no claridad.<\/p>\n<\/blockquote>\n<p data-start=\"723\" data-end=\"784\">El <strong data-start=\"726\" data-end=\"760\">Planificador Diario de Enfoque<\/strong> est\u00e1 dise\u00f1ado para eso.<\/p>\n<p data-start=\"786\" data-end=\"874\">No es una agenda.<br data-start=\"803\" data-end=\"806\" \/>No es una lista interminable de tareas.<br data-start=\"845\" data-end=\"848\" \/>No es productividad vac\u00eda.<\/p>\n<p data-start=\"876\" data-end=\"1051\">Es una pr\u00e1ctica diaria de <strong data-start=\"902\" data-end=\"916\">10 minutos<\/strong> para:<br data-start=\"922\" data-end=\"925\" \/>\u2714 vaciar el ruido mental,<br data-start=\"950\" data-end=\"953\" \/>\u2714 ordenar lo importante,<br data-start=\"977\" data-end=\"980\" \/>\u2714 y elegir <strong data-start=\"991\" data-end=\"1016\">una sola acci\u00f3n clave<\/strong> que realmente te haga avanzar hoy.<\/p>\n<p data-start=\"1053\" data-end=\"1265\">Cada p\u00e1gina te gu\u00eda paso a paso para:<br data-start=\"1090\" data-end=\"1093\" \/>\u2013 bajar revoluciones,<br data-start=\"1114\" data-end=\"1117\" \/>\u2013 escribir lo que est\u00e1 ocupando tu mente,<br data-start=\"1158\" data-end=\"1161\" \/>\u2013 definir qu\u00e9 importa de verdad,<br data-start=\"1193\" data-end=\"1196\" \/>\u2013 y cerrar el d\u00eda con una sensaci\u00f3n de foco, orden y decisi\u00f3n tomada.<\/p>\n<p data-start=\"1267\" data-end=\"1432\">No necesit\u00e1s exigirte m\u00e1s.<br data-start=\"648\" data-end=\"651\" \/>Necesit\u00e1s <strong data-start=\"663\" data-end=\"676\">ver claro<\/strong>.<br data-start=\"677\" data-end=\"680\" \/>Este planificador te ayuda a ordenar tu mente, definir prioridades<br data-start=\"748\" data-end=\"751\" \/>y avanzar cada d\u00eda con foco y direcci\u00f3n.<\/p>\n<p>[\/et_pb_text][et_pb_button button_url=\u00bbhttps:\/\/bitacora.cursarhoy.com\/?product=planificador-diario-de-enfoque-30-dias\u00bb url_new_window=\u00bbon\u00bb button_text=\u00bbQuiero mi Planificador (Descarga inmediata)\u00bb button_alignment=\u00bbcenter\u00bb _builder_version=\u00bb4.14.7&#8243; _module_preset=\u00bbdefault\u00bb custom_button=\u00bbon\u00bb button_text_color=\u00bb#FFFFFF\u00bb button_bg_color=\u00bb#0C71C3&#8243; custom_padding=\u00bb||30px|||\u00bb hover_enabled=\u00bb0&#8243; global_colors_info=\u00bb{}\u00bb sticky_enabled=\u00bb0&#8243;][\/et_pb_button][\/et_pb_column][\/et_pb_row][\/et_pb_section][et_pb_section fb_built=\u00bb1&#8243; _builder_version=\u00bb4.14.7&#8243; _module_preset=\u00bbdefault\u00bb background_image=\u00bbhttps:\/\/bitacora.cursarhoy.com\/wp-content\/uploads\/2026\/01\/h.jpg\u00bb custom_padding=\u00bb0px|||||\u00bb global_colors_info=\u00bb{}\u00bb][et_pb_row _builder_version=\u00bb4.14.7&#8243; _module_preset=\u00bbdefault\u00bb custom_padding=\u00bb0px|||||\u00bb global_colors_info=\u00bb{}\u00bb][et_pb_column type=\u00bb4_4&#8243; _builder_version=\u00bb4.14.7&#8243; _module_preset=\u00bbdefault\u00bb global_colors_info=\u00bb{}\u00bb][et_pb_text _builder_version=\u00bb4.14.7&#8243; _module_preset=\u00bbdefault\u00bb text_letter_spacing=\u00bb3px\u00bb text_orientation=\u00bbcenter\u00bb global_colors_info=\u00bb{}\u00bb]<\/p>\n<h1>Todo lo que necesit\u00e1s saber, en un minuto.<\/h1>\n<h3>Respuestas simples para que compres con tranquilidad y sin vueltas.<\/h3>\n<p>[\/et_pb_text][et_pb_text _builder_version=\u00bb4.14.7&#8243; _module_preset=\u00bbdefault\u00bb global_colors_info=\u00bb{}\u00bb]<\/p>\n<h5 data-start=\"223\" data-end=\"455\"><strong data-start=\"223\" data-end=\"267\">\u00bfRecibo los productos en formato f\u00edsico?<\/strong><br data-start=\"267\" data-end=\"270\" \/>No. Todos los materiales de Bit\u00e1cora Plena son <strong data-start=\"317\" data-end=\"345\">digitales y descargables<\/strong> en PDF. Una vez que realiz\u00e1s la compra, te llegan por mail para que los imprimas o uses en tu tablet o compu.<\/h5>\n<h5 data-start=\"457\" data-end=\"596\"><strong data-start=\"457\" data-end=\"487\">\u00bfCu\u00e1ndo recibo mi archivo?<\/strong><br data-start=\"487\" data-end=\"490\" \/>En cuanto complet\u00e1s la compra, te llega autom\u00e1ticamente un mail con el link de descarga. <strong data-start=\"579\" data-end=\"596\">Es inmediato.<\/strong><\/h5>\n<h5 data-start=\"598\" data-end=\"770\"><strong data-start=\"598\" data-end=\"644\">\u00bfNecesito experiencia previa para usarlos?<\/strong><br data-start=\"644\" data-end=\"647\" \/>\u00a1Para nada! Son herramientas simples pero profundas, pensadas para acompa\u00f1arte est\u00e9s donde est\u00e9s en tu camino de foco y claridad.<\/h5>\n<h5 data-start=\"772\" data-end=\"972\"><strong data-start=\"553\" data-end=\"584\">\u00bfCu\u00e1nto dura y c\u00f3mo se usa?<\/strong><br data-start=\"584\" data-end=\"587\" \/>Incluye <strong data-start=\"595\" data-end=\"606\">30 d\u00edas<\/strong> de planificaci\u00f3n simple. Te lleva <strong data-start=\"641\" data-end=\"663\">10 minutos por d\u00eda<\/strong>.<\/h5>\n<p>[\/et_pb_text][\/et_pb_column][\/et_pb_row][\/et_pb_section][et_pb_section fb_built=\u00bb1&#8243; _builder_version=\u00bb4.14.7&#8243; _module_preset=\u00bbdefault\u00bb background_image=\u00bbhttps:\/\/bitacora.cursarhoy.com\/wp-content\/uploads\/2026\/01\/h1.png\u00bb custom_margin=\u00bb-39px|||||\u00bb global_colors_info=\u00bb{}\u00bb][et_pb_row _builder_version=\u00bb4.14.7&#8243; _module_preset=\u00bbdefault\u00bb global_colors_info=\u00bb{}\u00bb][et_pb_column type=\u00bb4_4&#8243; _builder_version=\u00bb4.14.7&#8243; _module_preset=\u00bbdefault\u00bb global_colors_info=\u00bb{}\u00bb][et_pb_text _builder_version=\u00bb4.14.7&#8243; _module_preset=\u00bbdefault\u00bb text_letter_spacing=\u00bb4px\u00bb text_orientation=\u00bbcenter\u00bb custom_margin=\u00bb-61px|||||\u00bb custom_padding=\u00bb||0px|||\u00bb global_colors_info=\u00bb{}\u00bb]<\/p>\n<h1>Tom\u00e1 hoy la decisi\u00f3n que ordena tus pr\u00f3ximos 30 d\u00edas<\/h1>\n<p>[\/et_pb_text][\/et_pb_column][\/et_pb_row][et_pb_row column_structure=\u00bb1_2,1_2&#8243; _builder_version=\u00bb4.14.7&#8243; _module_preset=\u00bbdefault\u00bb global_colors_info=\u00bb{}\u00bb][et_pb_column type=\u00bb1_2&#8243; _builder_version=\u00bb4.14.7&#8243; _module_preset=\u00bbdefault\u00bb global_colors_info=\u00bb{}\u00bb][et_pb_image src=\u00bbhttps:\/\/bitacora.cursarhoy.com\/wp-content\/uploads\/2026\/01\/f1.jpg\u00bb title_text=\u00bbf1&#8243; _builder_version=\u00bb4.14.7&#8243; _module_preset=\u00bbdefault\u00bb global_colors_info=\u00bb{}\u00bb][\/et_pb_image][\/et_pb_column][et_pb_column type=\u00bb1_2&#8243; _builder_version=\u00bb4.14.7&#8243; _module_preset=\u00bbdefault\u00bb global_colors_info=\u00bb{}\u00bb][et_pb_text _builder_version=\u00bb4.14.7&#8243; _module_preset=\u00bbdefault\u00bb custom_css_main_element=\u00bbbackground: rgba(255,255,255,0.55);||padding: 18px 22px;||border-radius: 12px;||\u00bb global_colors_info=\u00bb{}\u00bb]<\/p>\n<h3 data-start=\"1322\" data-end=\"1435\">No necesit\u00e1s cambiar tu vida.<\/h3>\n<h3 data-start=\"1322\" data-end=\"1435\"><br data-start=\"1351\" data-end=\"1354\" \/>Solo necesit\u00e1s <strong data-start=\"1371\" data-end=\"1392\">ordenar tu cabeza<\/strong> para que tu vida empiece a ordenarse sola.<\/h3>\n<p>&nbsp;<\/p>\n<h3 data-start=\"1442\" data-end=\"1619\">El <em data-start=\"1445\" data-end=\"1477\">Planificador Diario de Enfoque<\/em> te gu\u00eda durante 30 d\u00edas para frenar el ruido, escribir con intenci\u00f3n, ordenar prioridades y quedarte con <strong data-start=\"1583\" data-end=\"1618\">una sola decisi\u00f3n clara por d\u00eda<\/strong>.<\/h3>\n<p>&nbsp;<\/p>\n<h3 data-start=\"1626\" data-end=\"1714\">Son 10 minutos. Un papel. Una lapicera.<\/h3>\n<h3 data-start=\"1626\" data-end=\"1714\"><br data-start=\"1665\" data-end=\"1668\" \/>Y una forma distinta de empezar cada ma\u00f1ana.<\/h3>\n<p>&nbsp;<\/p>\n<h3 data-start=\"1721\" data-end=\"1758\"><strong data-start=\"1721\" data-end=\"1758\">Lo descarg\u00e1s ahora y empez\u00e1s hoy.<\/strong><\/h3>\n<p><strong data-start=\"1721\" data-end=\"1758\"><\/strong><\/p>\n<h4><strong data-start=\"1721\" data-end=\"1758\">No esperes a estar mejor para empezar. Empez\u00e1 para estar mejor.<\/strong><\/h4>\n<p>[\/et_pb_text][et_pb_button button_url=\u00bbhttps:\/\/bitacora.cursarhoy.com\/?product=planificador-diario-de-enfoque-30-dias\u00bb url_new_window=\u00bbon\u00bb button_text=\u00bbQuiero mi Planificador (Descarga inmediata)\u00bb button_alignment=\u00bbcenter\u00bb _builder_version=\u00bb4.14.7&#8243; _module_preset=\u00bbdefault\u00bb custom_button=\u00bbon\u00bb button_text_color=\u00bb#FFFFFF\u00bb button_bg_color=\u00bb#0C71C3&#8243; hover_enabled=\u00bb0&#8243; global_colors_info=\u00bb{}\u00bb sticky_enabled=\u00bb0&#8243;][\/et_pb_button][\/et_pb_column][\/et_pb_row][\/et_pb_section][et_pb_section fb_built=\u00bb1&#8243; _builder_version=\u00bb4.14.7&#8243; _module_preset=\u00bbdefault\u00bb global_colors_info=\u00bb{}\u00bb][et_pb_row _builder_version=\u00bb4.14.7&#8243; _module_preset=\u00bbdefault\u00bb global_colors_info=\u00bb{}\u00bb][et_pb_column type=\u00bb4_4&#8243; _builder_version=\u00bb4.14.7&#8243; _module_preset=\u00bbdefault\u00bb global_colors_info=\u00bb{}\u00bb][et_pb_code _builder_version=\u00bb4.14.7&#8243; _module_preset=\u00bbdefault\u00bb custom_margin=\u00bb-65px|||||\u00bb custom_padding=\u00bb0px|||||\u00bb global_colors_info=\u00bb{}\u00bb]<\/p>\n<div style=\"text-align: center; font-size: 14px; padding: 20px 10px; color: #555;\"><!-- [et_pb_line_break_holder] -->  \u00a9 2025 Bit\u00e1cora Plena. Todos los derechos reservados.  <!-- [et_pb_line_break_holder] -->  <!\u2013- [et_pb_br_holder] -\u2013><!-- [et_pb_line_break_holder] -->  <a href=\"https:\/\/bitacora.cursarhoy.com\/politica-de-privacidad\/\" style=\"color: #555; text-decoration: underline;\"><!-- [et_pb_line_break_holder] -->    Pol\u00edtica de Privacidad<!-- [et_pb_line_break_holder] -->  <\/a><!-- [et_pb_line_break_holder] --><\/div>\n<p><!-- [et_pb_line_break_holder] -->[\/et_pb_code][\/et_pb_column][\/et_pb_row][\/et_pb_section]<\/p>\n","protected":false},"excerpt":{"rendered":"<p>Planificador Diario de Enfoquepara tomar una sola decisi\u00f3n clara por d\u00edaOrden\u00e1 tu mente en 10 minutos y enfoc\u00e1 tu energ\u00eda en lo que s\u00ed importa hoy. PDF imprimible o digital \u00b7 30 d\u00edas \u00b7 Descarga inmediataAntes de empezar el d\u00eda, tu cabeza ya est\u00e1 llena\u2026 y el d\u00eda todav\u00eda no empez\u00f3.Tu cabeza nunca se apaga. [&hellip;]<\/p>\n","protected":false},"author":1,"featured_media":0,"parent":0,"menu_order":0,"comment_status":"closed","ping_status":"closed","template":"","meta":{"_et_pb_use_builder":"on","_et_pb_old_content":"","_et_gb_content_width":"","footnotes":""},"class_list":["post-9","page","type-page","status-publish","hentry"],"_hostinger_reach_plugin_has_subscription_block":false,"_hostinger_reach_plugin_is_elementor":false,"_links":{"self":[{"href":"https:\/\/bitacora.cursarhoy.com\/index.php?rest_route=\/wp\/v2\/pages\/9","targetHints":{"allow":["GET"]}}],"collection":[{"href":"https:\/\/bitacora.cursarhoy.com\/index.php?rest_route=\/wp\/v2\/pages"}],"about":[{"href":"https:\/\/bitacora.cursarhoy.com\/index.php?rest_route=\/wp\/v2\/types\/page"}],"author":[{"embeddable":true,"href":"https:\/\/bitacora.cursarhoy.com\/index.php?rest_route=\/wp\/v2\/users\/1"}],"replies":[{"embeddable":true,"href":"https:\/\/bitacora.cursarhoy.com\/index.php?rest_route=%2Fwp%2Fv2%2Fcomments&post=9"}],"version-history":[{"count":0,"href":"https:\/\/bitacora.cursarhoy.com\/index.php?rest_route=\/wp\/v2\/pages\/9\/revisions"}],"wp:attachment":[{"href":"https:\/\/bitacora.cursarhoy.com\/index.php?rest_route=%2Fwp%2Fv2%2Fmedia&parent=9"}],"curies":[{"name":"wp","href":"https:\/\/api.w.org\/{rel}","templated":true}]}}